{"id":38,"date":"2026-01-21T10:34:33","date_gmt":"2026-01-21T10:34:33","guid":{"rendered":"https:\/\/valeriamartinez.fpcei.eu\/?page_id=38"},"modified":"2026-02-27T11:36:16","modified_gmt":"2026-02-27T11:36:16","slug":"tematica-personajes-y-equipo","status":"publish","type":"page","link":"https:\/\/valeriamartinez.fpcei.eu\/?page_id=38","title":{"rendered":"Personajes principales"},"content":{"rendered":"\n<p>Dustin Henderson, interpretado por Gaten Matarazzo, es el gracioso e ingenioso del grupo, destacando por su inteligencia, y adem\u00e1s, es muy querido por los fans. Una curiosidad es que Gaten tiene displasia cleidocraneal, una condici\u00f3n \u00f3sea que sorprendentemente cre\u00f3 frases muy ic\u00f3nicas gracias a su interpretaci\u00f3n.<\/p>\n\n\n\n<p>Will Byers, interpretado por Noah Schnapy, es un chico t\u00edmido y sensible conectado con el Mundo del Rev\u00e9s. Debido a esto, muchos fans afirmaban que iba a morir cuando acabaran con Vecna. Debemos destacar su reflexi\u00f3n durante la serie de ser un chico gay en los a\u00f1os 80 y mostrar su vulnerabilidad a lo largo de la serie.<\/p>\n\n\n\n<p>Mike Wheeler, interpretado por Finn Wolfhard, siempre se muestra valiente y leal. Muestra amor por Once desde la primera vez que se vieron hasta el gran final de la serie, un amor puro desde peque\u00f1os, en el cual ambos sufrieron un gran desarrollo emocional. Tambi\u00e9n cabe nombrar el fandom de \u201cByler\u201d, cuando imaginaban un romance entre \u00e9l y Will, e incluso cuando en el \u00faltimo episodio, Will se abre a todos sobre su orientaci\u00f3n sexual y como su amor adolescente le ayudo a darse cuenta.<\/p>\n\n\n\n<p>Once, interpretada por Millie Bobby Brown, es una ni\u00f1a con poderes telequin\u00e9ticos que envuelve el coraz\u00f3n de la historia. Una chica aislada, con una forma de hablar que se volvi\u00f3 ic\u00f3nica, junto a sus gofres y su gran inocencia. Se sinti\u00f3 c\u00f3moda desde el primer minuto con Will y en su inusual vida con altibajos ya no se sinti\u00f3 sola.<\/p>\n\n\n\n<p>Max Mayfield, una chica independiente con una historia familiar muy profunda. Su romance con Lucas fue ic\u00f3nico, sobre todo en las \u00faltimas dos temporadas, y su querido hermano Billy, opuesto a ella, rebelde y agresivo, fue muy amado por los fans, adem\u00e1s de sus ic\u00f3nicas escenas con la madre de Mike.<\/p>\n\n\n\n<p>Lucas Sinclair, interpretado por Caleb Mc Laughlin, es uno de los m\u00e1s pr\u00e1cticos del grupo, es racional , competitivo, y lo analiza todo para ver si es buena idea o no, pero siempre se acaba arriesgando por ellos, especialmente con Max, quienes tienen una relaci\u00f3n sentimental muy profunda.\u00a0<\/p>\n\n\n\n<p><br>Jim Hopper es el jefe de polic\u00eda de Hawkins, un hombre valiente y protector. Se convierte en el padre de Once, a quien adopta y protege intensamente. Su relaci\u00f3n con Joyce Byers evoluciona hacia un v\u00ednculo rom\u00e1ntico.<\/p>\n\n\n\n<p>Joyce es la madre de Will y Jonathan, conocida por ser muy decidida con respecto a sus hijos. Su relaci\u00f3n con Hopper se convierte en un amor incondicional, tratando tambi\u00e9n a Once de forma muy maternal.&nbsp;<\/p>\n\n\n\n<p>El padre biol\u00f3gico de Eleven es una persona m\u00e1s bien cruel experimentando con simples ni\u00f1os. En la serie tambi\u00e9n se muestra una peque\u00f1a historia de la madre de Once, quien fue sometida a experimentos con drogas que dieron lugar a los poderes de Once.&nbsp;<\/p>\n","protected":false},"excerpt":{"rendered":"<p>Dustin Henderson, interpretado por Gaten Matarazzo, es el gracioso e ingenioso del grupo, destacando por su inteligencia, y adem\u00e1s, es muy querido por los fans. Una curiosidad es que Gaten tiene displasia cleidocraneal, una condici\u00f3n \u00f3sea que sorprendentemente cre\u00f3 frases muy ic\u00f3nicas gracias a su interpretaci\u00f3n. Will Byers, interpretado por Noah Schnapy, es un chico [&hellip;]<\/p>\n","protected":false},"author":2,"featured_media":154,"parent":0,"menu_order":0,"comment_status":"closed","ping_status":"closed","template":"","meta":{"footnotes":""},"class_list":["post-38","page","type-page","status-publish","has-post-thumbnail","hentry"],"_links":{"self":[{"href":"https:\/\/valeriamartinez.fpcei.eu\/index.php?rest_route=\/wp\/v2\/pages\/38","targetHints":{"allow":["GET"]}}],"collection":[{"href":"https:\/\/valeriamartinez.fpcei.eu\/index.php?rest_route=\/wp\/v2\/pages"}],"about":[{"href":"https:\/\/valeriamartinez.fpcei.eu\/index.php?rest_route=\/wp\/v2\/types\/page"}],"author":[{"embeddable":true,"href":"https:\/\/valeriamartinez.fpcei.eu\/index.php?rest_route=\/wp\/v2\/users\/2"}],"replies":[{"embeddable":true,"href":"https:\/\/valeriamartinez.fpcei.eu\/index.php?rest_route=%2Fwp%2Fv2%2Fcomments&post=38"}],"version-history":[{"count":13,"href":"https:\/\/valeriamartinez.fpcei.eu\/index.php?rest_route=\/wp\/v2\/pages\/38\/revisions"}],"predecessor-version":[{"id":136,"href":"https:\/\/valeriamartinez.fpcei.eu\/index.php?rest_route=\/wp\/v2\/pages\/38\/revisions\/136"}],"wp:featuredmedia":[{"embeddable":true,"href":"https:\/\/valeriamartinez.fpcei.eu\/index.php?rest_route=\/wp\/v2\/media\/154"}],"wp:attachment":[{"href":"https:\/\/valeriamartinez.fpcei.eu\/index.php?rest_route=%2Fwp%2Fv2%2Fmedia&parent=38"}],"curies":[{"name":"wp","href":"https:\/\/api.w.org\/{rel}","templated":true}]}}