{"id":124,"date":"2026-02-26T17:48:44","date_gmt":"2026-02-26T17:48:44","guid":{"rendered":"https:\/\/valeriamartinez.fpcei.eu\/?page_id=124"},"modified":"2026-02-27T08:02:45","modified_gmt":"2026-02-27T08:02:45","slug":"4a-y-5a-temporada","status":"publish","type":"page","link":"https:\/\/valeriamartinez.fpcei.eu\/?page_id=124","title":{"rendered":"4\u00aa y 5\u00aa temporada"},"content":{"rendered":"\n<p>La cuarta temporada revela qui\u00e9n est\u00e1 haciendo da\u00f1o desde el Mundo del Rev\u00e9s: Vecna. Este empieza asesinando adolescentes, primero les destroza mentalmente con sus problemas y traumas hasta atacarles de forma bastante macabra. Cada muerte abre una grieta entre Hawkins y el Mundo del Rev\u00e9s, pues su meta era unir ambos mundos.&nbsp;<\/p>\n\n\n\n<p>Mientras tanto, Joyce, Will, Once y Jonathan se mudan a otro pueblo; sin embargo, cuando se van enterando de lo que est\u00e1 ocurriendo, Once vuelve a un nuevo laboratorio donde recupera sus poderes y recuerda que ocurri\u00f3 con Vecna. Este era conocido como Henry, m\u00e1s bien Uno, pues fue el primer ni\u00f1o con el que experimentaron en el laboratorio. Cuando Once era peque\u00f1a, Henry comenz\u00f3 a matar a todos los ni\u00f1os, pero esta, para acabar con \u00e9l, lo mand\u00f3 accidentalmente a otra dimensi\u00f3n, abriendo el portal. De lo agotador que fue para ella, nunca lo record\u00f3 hasta ahora.&nbsp;<\/p>\n\n\n\n<p>Por otro lado, descubrimos que Hopper est\u00e1 vivo en una c\u00e1rcel rusa. Por ello, Joyce y Murray, un amigo de ellos, van a buscarlo.&nbsp;<\/p>\n\n\n\n<p>Lo m\u00e1s inquietante de esta temporada es que Max se convierte en la \u00faltima v\u00edctima de Vecna. Finalmente, intentando seguir un plan hecho por los chicos para salvarla, Vecna consigue unir ambos mundos en cuatro enormes grietas, dejando a Max en coma.&nbsp;<\/p>\n\n\n\n<p>La quinta temporada contin\u00faa tiempo despu\u00e9s de estos sucesos. Ahora todo el pueblo cree que las cosas extra\u00f1as que est\u00e1n pasando son causadas por rituales sat\u00e1nicos del juego de mesa del grupo de chicos, mientras que est\u00e1n confinados por el ej\u00e9rcito.&nbsp;<\/p>\n\n\n\n<p>Se descubre que el azotamentes es un monstruo de la otra dimensi\u00f3n el cual ya exist\u00eda, que controla y construye monstruos para dominar el mundo, y por ello se une a Vecna, el cual invade mentes manipul\u00e1ndolas. A su misma vez tambi\u00e9n se descubre que Hawkins, el Mundo del Rev\u00e9s y la otra dimensi\u00f3n funcionan como un agujero de gusano.&nbsp;<\/p>\n\n\n\n<p>Vecna se lleva a un grupo de ni\u00f1os peque\u00f1os, los cuales son m\u00e1s inocentes y manipulables como lo era Will, para terminar todo lo que hab\u00eda empezado.&nbsp;<\/p>\n\n\n\n<p>Durante la trama, Will consigue entrar en la mente de Vecna, pues su conexi\u00f3n desde peque\u00f1o lo lleva a tener los mismos poderes que \u00e9l si est\u00e1 cerca de cualquier entidad del Mundo del Rev\u00e9s, como los demogorgons. Con esta ayuda junto a Once y el amor que siente Lucas por Max consiguen sacarla del coma ya que en el fondo su mente estaba escondida en una cueva a la que Henry le aterraba, pues este la encerr\u00f3 ps\u00edquicamente en su mente.&nbsp;<\/p>\n\n\n\n<p>En la batalla final, tanto los adultos como los ni\u00f1os se re\u00fanen para entrar a la otra dimensi\u00f3n escalando una torre, ya que como el agujero de gusano se estaba convirtiendo en un solo mundo, el cielo se les estaba literalmente cayendo encima. En esta dimensi\u00f3n vac\u00eda se encuentran los verdaderos cuerpos del azotamentes y de Vecna.&nbsp;<\/p>\n\n\n\n<p>Will funciona como detector por la conexi\u00f3n con Vecna, Once lucha cara a cara con \u00e9l, y el grupo se enfrenta con valent\u00eda al azotamentes. Finalmente, acaban con ellos y se dan cuenta de que Henry puede que no fuera malo, \u00fanicamente que de peque\u00f1o abri\u00f3 una maleta del laboratorio la cual le transport\u00f3 los poderes con energ\u00edas mucho m\u00e1s crueles y negativas.&nbsp;<\/p>\n\n\n\n<p>Tras esto, Once decide quedarse encerrada en el otro mundo para que el bucle se cierre, y los chicos experimentan a lo largo de m\u00e1s tiempo una sensaci\u00f3n de nostalgia y a\u00f1oranza, en especial Mike.&nbsp;<\/p>\n\n\n\n<p>Los hermanos Duffer decidieron hacer un final agridulce, en el \u00faltimo minuto Mike inventa otro posible final de Once que dice que puede que est\u00e9 viva pero escondida, ya los verdaderos fans decidimos si creer o no.&nbsp;&nbsp;<\/p>\n","protected":false},"excerpt":{"rendered":"<p>La cuarta temporada revela qui\u00e9n est\u00e1 haciendo da\u00f1o desde el Mundo del Rev\u00e9s: Vecna. Este empieza asesinando adolescentes, primero les destroza mentalmente con sus problemas y traumas hasta atacarles de forma bastante macabra. Cada muerte abre una grieta entre Hawkins y el Mundo del Rev\u00e9s, pues su meta era unir ambos mundos.&nbsp; Mientras tanto, Joyce, [&hellip;]<\/p>\n","protected":false},"author":2,"featured_media":151,"parent":0,"menu_order":0,"comment_status":"closed","ping_status":"closed","template":"","meta":{"footnotes":""},"class_list":["post-124","page","type-page","status-publish","has-post-thumbnail","hentry"],"_links":{"self":[{"href":"https:\/\/valeriamartinez.fpcei.eu\/index.php?rest_route=\/wp\/v2\/pages\/124","targetHints":{"allow":["GET"]}}],"collection":[{"href":"https:\/\/valeriamartinez.fpcei.eu\/index.php?rest_route=\/wp\/v2\/pages"}],"about":[{"href":"https:\/\/valeriamartinez.fpcei.eu\/index.php?rest_route=\/wp\/v2\/types\/page"}],"author":[{"embeddable":true,"href":"https:\/\/valeriamartinez.fpcei.eu\/index.php?rest_route=\/wp\/v2\/users\/2"}],"replies":[{"embeddable":true,"href":"https:\/\/valeriamartinez.fpcei.eu\/index.php?rest_route=%2Fwp%2Fv2%2Fcomments&post=124"}],"version-history":[{"count":2,"href":"https:\/\/valeriamartinez.fpcei.eu\/index.php?rest_route=\/wp\/v2\/pages\/124\/revisions"}],"predecessor-version":[{"id":152,"href":"https:\/\/valeriamartinez.fpcei.eu\/index.php?rest_route=\/wp\/v2\/pages\/124\/revisions\/152"}],"wp:featuredmedia":[{"embeddable":true,"href":"https:\/\/valeriamartinez.fpcei.eu\/index.php?rest_route=\/wp\/v2\/media\/151"}],"wp:attachment":[{"href":"https:\/\/valeriamartinez.fpcei.eu\/index.php?rest_route=%2Fwp%2Fv2%2Fmedia&parent=124"}],"curies":[{"name":"wp","href":"https:\/\/api.w.org\/{rel}","templated":true}]}}