{"id":122,"date":"2026-02-25T10:48:44","date_gmt":"2026-02-25T10:48:44","guid":{"rendered":"https:\/\/valeriamartinez.fpcei.eu\/?page_id=122"},"modified":"2026-02-27T07:54:59","modified_gmt":"2026-02-27T07:54:59","slug":"3a-temporada","status":"publish","type":"page","link":"https:\/\/valeriamartinez.fpcei.eu\/?page_id=122","title":{"rendered":"3\u00aa temporada"},"content":{"rendered":"\n<p>La tercera temporada de Stranger Things es una de las queridas por los fans por ser ic\u00f3nica de los a\u00f1os ochenta: los colores tan vivos de la vestimenta, el centro comercial y la feria, combinado con mucha acci\u00f3n y momentos memorables de la adolescencia de los personajes.<\/p>\n\n\n\n<p>La trama de esta temporada ocurre un a\u00f1o despu\u00e9s durante verano, mostrando como el grupo de amigos entran en una etapa bastante complicada: la adolescencia.<\/p>\n\n\n\n<p>Cuando cre\u00edan que todo hab\u00eda terminado, reaparece el azotamentes controlando poco a poco la mente de los habitantes de Hawkins, especialmente al hermano de Max. Por esta raz\u00f3n Max, Lucas, Will, Once, Mike y Dustin comienzan a enfrentarse a \u00e9l en escenas muy \u00e9picas.&nbsp;<\/p>\n\n\n\n<p>A lo largo de la temporada experimentan nuevas emociones: viven relaciones sentimentales m\u00e1s profundas, Once comienza a explorar su personalidad y el grupo en s\u00ed pone a prueba su lealtad.<\/p>\n\n\n\n<p>Durante el gran final de esta temporada los chicos se enfrentan al azotamentes mientras que Joyce y Hopper entran al nuevo laboratorio ruso. Culmin\u00f3 con la muerte de Hopper y con Once sin poderes.&nbsp;&nbsp;<\/p>\n\n\n\n<p>Cabe destacar que durante esta temporada personajes como Steve comienzan a ganar un gran cari\u00f1o por parte de los fans. Steve, adolescente arrogante y rebelde, comienza una amistad con Dustin y termina siendo muy querido por los fans por sus escenas ic\u00f3nicas y graciosas. Junto a estos aparece Robin, la cual trabaja con Steve, y destaca por ser muy habladora y sarc\u00e1stica, convirti\u00e9ndose en un trio perfecto. Por otro lado tambi\u00e9n resaltan Jonathan Byers, hermano mayor de Will, y Nancy, ex pareja de Steve. Estos comienzan una relaci\u00f3n que refleja compromiso: mientras que Jonathan es muy protector e introvertido, Nancy es decidida y valiente.&nbsp;<\/p>\n","protected":false},"excerpt":{"rendered":"<p>La tercera temporada de Stranger Things es una de las queridas por los fans por ser ic\u00f3nica de los a\u00f1os ochenta: los colores tan vivos de la vestimenta, el centro comercial y la feria, combinado con mucha acci\u00f3n y momentos memorables de la adolescencia de los personajes. La trama de esta temporada ocurre un a\u00f1o [&hellip;]<\/p>\n","protected":false},"author":2,"featured_media":149,"parent":0,"menu_order":0,"comment_status":"closed","ping_status":"closed","template":"","meta":{"footnotes":""},"class_list":["post-122","page","type-page","status-publish","has-post-thumbnail","hentry"],"_links":{"self":[{"href":"https:\/\/valeriamartinez.fpcei.eu\/index.php?rest_route=\/wp\/v2\/pages\/122","targetHints":{"allow":["GET"]}}],"collection":[{"href":"https:\/\/valeriamartinez.fpcei.eu\/index.php?rest_route=\/wp\/v2\/pages"}],"about":[{"href":"https:\/\/valeriamartinez.fpcei.eu\/index.php?rest_route=\/wp\/v2\/types\/page"}],"author":[{"embeddable":true,"href":"https:\/\/valeriamartinez.fpcei.eu\/index.php?rest_route=\/wp\/v2\/users\/2"}],"replies":[{"embeddable":true,"href":"https:\/\/valeriamartinez.fpcei.eu\/index.php?rest_route=%2Fwp%2Fv2%2Fcomments&post=122"}],"version-history":[{"count":1,"href":"https:\/\/valeriamartinez.fpcei.eu\/index.php?rest_route=\/wp\/v2\/pages\/122\/revisions"}],"predecessor-version":[{"id":123,"href":"https:\/\/valeriamartinez.fpcei.eu\/index.php?rest_route=\/wp\/v2\/pages\/122\/revisions\/123"}],"wp:featuredmedia":[{"embeddable":true,"href":"https:\/\/valeriamartinez.fpcei.eu\/index.php?rest_route=\/wp\/v2\/media\/149"}],"wp:attachment":[{"href":"https:\/\/valeriamartinez.fpcei.eu\/index.php?rest_route=%2Fwp%2Fv2%2Fmedia&parent=122"}],"curies":[{"name":"wp","href":"https:\/\/api.w.org\/{rel}","templated":true}]}}